 (0 + 6)
-3
Calculate (9 - 6) + (-3 - 3) - -2.
-1
What is the value of 4 + -13 + 6 - 4?
-7
Evaluate 4 + 1 + -9 - (-1 + -4).
1
What is -2 - (-4 - (-1 + 1 + -6))?
-4
Evaluate -5 - (-3 + (-3 - 1)).
2
Calculate -2 - (0 + 4 + -10).
4
What is 5 + -1 + (-2 - (0 - 3))?
5
What is the value of -7 + 22 + -8 - 5?
2
-4 + (-3 - (4 - 12))
1
What is the value of -4 + 7 - (-3 + 4 - -4)?
-2
Calculate -5 - (-7 - 0) - (-2 - 0).
4
What is (-1 - 0) + -9 - (73 + -78)?
-5
Evaluate -4 - -7 - (5 + -5 - 0).
3
-1 - ((3 - 6) + -6)
8
4 + -11 + 12 - -4
9
Calculate (2 - 12) + 54 + -47.
-3
What is (-16 - -10) + 13 - -1?
8
What is -2 + 6 + (-7 - -7) + -3?
1
Calculate -7 + 8 + -4 + (3 - -3).
3
What is the value of 5 - (-12 - -8 - -8)?
1
What is the value of (8 - 9) + (-1 - -6)?
4
Evaluate -3 + 1 - (10 + -16).
4
Evaluate 9 + 0 + 12 + -21.
0
(0 - -5 - -1) + -4
2
What is the value of 3 + (5 - 1) + -3?
4
Evaluate -2 - 0 - (53 + -60).
5
What is the value of 12 - (37 - 28) - (1 + 4)?
-2
Calculate -5 - (-11 - (-14 - -5)).
-3
Calculate (-5 - -2) + 1 - (1 - 9).
6
(8 - 12) + (3 - -5)
4
(2 - (1 - 5)) + -8 + 7
5
Calculate 4 - (-17 - -23 - (2 - -1)).
1
What is -1 + (9 - 1) + -5?
2
(-1 + -5 - -6) + -1 - 6
-7
Evaluate 11 + 0 + -22 - -6.
-5
What is the value of (3 - 19) + (-2 - -10) + 2?
-6
What is 3 + -6 + 4 - (-6 - -11)?
-4
What is the value of -3 - (-7 + 2) - 3?
-1
What is the value of 3 + -4 + -7 - (-18 - -17)?
-7
Calculate -9 - (-8 + 3 + -3).
-1
What is the value of -3 + (4 - 6 - -1)?
-4
What is -3 - (-3 + (-2 - -3)) - 2?
-3
What is the value of (2 - (7 - 3)) + (-1 - -6)?
3
What is -2 - (4 + -2) - -4?
0
Calculate -5 + -7 + 9 + -2.
-5
Calculate 9 + (-11 - -4) - 0.
2
What is 1 - (-4 + (1 - -1) + 0)?
3
What is the value of 10 + -9 - 3 - (-2 + 1)?
-1
(-2 - (-4 - (6 - 6))) + -5
-3
What is -6 + 3 + 2 - -7?
6
Evaluate -7 + (2 + 3 - 0).
-2
Calculate (-7 - 1) + 1 + -3 - -3.
-7
What is 0 + (0 - 4) + 2 - 1?
-3
What is the value of 4 + 0 + 17 + -17?
4
-5 - -2 - (-4 + 1)
0
What is the value of 2 + -4 + 2 + 0 + 2?
2
What is the value of (5 - 13 - -11) + -3?
0
Calculate -6 - (-12 + 1 - -2).
3
Calculate 8 - (12 - 0) - (0 - 0).
-4
What is 15 - 11 - (3 - -2)?
-1
Evaluate -3 - (9 - 4) - -4.
-4
Calculate (0 - -4) + (-8 - -5).
1
Evaluate (8 - 3) + (-14 - -5).
-4
What is 21 - 26 - (-3 - -6)?
-8
Evaluate -4 - (-3 + -4) - -2.
5
What is 25 + -20 + (-4 - -2 - -3)?
6
What is the value of -15 + 22 - (0 - (-2 + 2))?
7
What is 1 + (2 - (-2 - 0))?
5
Evaluate -1 - (2 + -8) - 1.
4
What is the value of -4 - (8 + -3 - 16)?
7
What is -4 - (-6 - -2 - (-4 - 1))?
-5
What is the value of 1 - 0 - (21 - 19)?
-1
Evaluate (-11 - -6) + 0 + 0 - -11.
6
What is 2 - 4 - (-2 + 7 + -4)?
-3
What is 2 + 10 + -24 + 13?
1
What is the value of (13 - 7) + 7 + -8?
5
-2 - (0 + -1 + (-1 - -2))
-2
Calculate -1 - (-8 + 8 + 5 + 5).
-11
2 + (-7 - (1 + (-2 - 0)))
-4
What is 6 - (1 + 7 - 6)?
4
What is the value of 2 + 2 - (-1 + 6)?
-1
What is -6 + 2 + 4 + -3?
-3
What is -3 + 7 + -7 + 6 + 2?
5
What is (10 - 3) + -4 + (-1 - -2)?
4
Evaluate (3 - 0 - (22 - 12)) + 3.
-4
Evaluate 2 + 7 + -8 - 9.
-8
What is 6 + -19 - (-10 - 1)?
-2
What is the value of -6 + 8 + -3 + -5?
-6
-2 + 4 + (6 - 15)
-7
Calculate (7 + -2 - 3) + -10.
-8
Calculate (5 - 4 - -3) + -6.
-2
Calculate (-4 - -2) + -6 + 11 + 3.
6
What is the value of -4 - (-8 - -3 - -3)?
-2
What is the value of 4 - (-1 - (-3 - (2 - -1)))?
-1
What is -7 + (11 - (-3 + 5))?
2
-2 + -10 + 11 + 0
-1
What is the value of -7 - ((3 - -5 - 17) + 8)?
-6
What is 3 + -4 + 3 - 7?
-5
Evaluate -3 + 2 + (12 - 4) + -2.
5
What is the value of 3 + (-20 - (-4 - 0)) + 6?
-7
Evaluate -8 - (-5 + (0 - -1 - -1)).
-5
Calculate (-2 + 4 - 2) + 0.
0
What is (5 + 6 - 4) + -4?
3
What is the value of 6 + 0 + 2 + -2?
6
(14 - 9) + (1 - 7)
-1
Evaluate 8 + 1 + (-2 - -5) + -9.
3
Calculate 0 + (1 - 3) - (0 + 3).
-5
What is the value of -7 + (2 - (-8 + 5))?
-2
3 - (6 + (-1 - -1))
-3
-2 + 1 - (-9 - -10) - -2
0
Calculate 1 - -19 - (20 - 7).
7
Evaluate (-2 - 1) + (2 - 1 - 3).
-5
Calculate (8 - 1) + (-11 - -4).
0
What is 1 + 4 + (13 - 3 - 11)?
4
Calculate -1 - (8 + -3 + 0 + -3).
-3
What is 3 + 4 + -12 + 5 - 4?
-4
What is 7 - (14 + 4 + -11)?
0
4 + (5 - -1 - (25 + -13))
-2
What is the value of -4 + 8 + 4 + -7 + 0?
1
What is the value of 8 - 13 - (2 - -2) - -5?
-4
What is the value of 7 + 2 - (27 - 18)?
0
Calculate (-9 - -9) + (-2 - (3 + -6)).
1
Calculate -3 + 12 + -5 + 2 + -7.
-1
Calculate -9 - -22 - 17 - (0 - -2).
-6
What is the value of 1 + 10 + -6 + (1 - 4)?
2
2 + 8 + -1 + (28 - 32)
5
-2 + (5 - 8 - -8)
3
What is 0 + (0 - 0) - 1?
-1
What is the value of 0 + 1 + (-22 - (-9 + -7))?
-5
What is the value of 1 - ((5 - 9) + (-1 - -3))?
3
Calculate -1 + (1 - 9) - -7.
-2
What is the value of 3 - (3 - 9) - 11?
-2
What is (-7 - 1) + 9 + 1?
2
What is 6 + (1 - -4) - 5 - 8?
-2
Evaluate (2 - 10 - -6) + (0 - 2).
-4
Evaluate 6 - (0 + 2 + (0 - -1)).
3
Evaluate -2 + (-2 - -1) + (6 - 5).
-2
Calculate 1 - (11 - 5 - 0 - -2).
-7
Calculate -76 - -74 - (1 - 1 - 3).
1
What is -1 + 3 + -3 + -19 + 17?
-3
Calculate -4 - ((-6 - -3) + 5).
-6
Calculate -9 + (10 - 5) - (2 - 0).
-6
Calculate 12 - 18 - (-1 + -5).
0
What is the value of 0 + 1 + 0 + (-174 - -176)?
3
-3 + 4 + -4 - 1
-4
What is 1 + 7 + (-18 - -12)?
2
-1 + 1 + (-8 - (0 - 4))
-4
(0 - -4) + (4 - (-4 + 13))
-1
Evaluate 18 + -17 + 8 + -4.
5
What is 6 + 0 + -9 + 5?
2
Evaluate 5 - (2 + -3 - (-8 - -2)).
0
Calculate 6 + (3 + -3 - 7).
-1
What is 2 + (-4 - (0 - 2)) + 4?
4
What is the value of -3 + 2 + 2 - -5?
6
Evaluate (2 - (-1 + 3)) + (2 - 0).
2
What is 3 - ((2 - 0) + -4 + 1)?
4
(-4 - 7) + (18 - 17)
-10
Calculate -5 + -1 + -2 + 9 + -4.
-3
What is the value of -6 + (8 + (-1 - -2) - 6)?
-3
Evaluate -2 + -5 + 2 + 3.
-2
Calculate -17 + 24 + (-10 - 3).
-6
Evaluate (-6 - (-6 + 4)) + -5 - -1.
-8
24 + -13 + -4 - 11
-4
(9 - 4) + 2 + -2
5
2 + 0 - (-5 + 7 - -4)
-4
Evaluate 2 - (4 + -3) - 1 - -1.
1
(-1 - (-2 + 3)) + (6 - 0)
4
-4 + 3 + -4 - -2
-3
Evaluate 15 - (2 + 16 + -8).
5
What is the value of -3 + -2 + 4 + (-1 - 2)?
-4
What is the value of -9 - (5 + (2 - 14))?
-2
Calculate 7 + (13 - 18) - 12.
-10
Calculate 0 + (2 - (12 - 6)).
-4
0 + 0 + 81 + -78
3
Calculate 5 + -5 + 1 + -5 + 3.
-1
What is the value of (-2 - -10) + (7 - 10)?
5
What is the value of 87 - 91 - (0 - 8)?
4
What is (-2 - 1) + (-2 - -4) + 5?
4
What is 5 - 2 - -1 - (10 - 2)?
-4
What is -5 + 0 + (-16 - -1) + 15?
-5
What is 0 + -1 + -1 - 3?
-5
Calculate -1 + 0 + -1 + (-1 - 1).
-4
Evaluate -2 + -4 + 2 - -5.
1
Calculate -8 + 11 + (-5 - -2).
0
Calculate 2 - (4 + -12) - 12.
-2
What is the value of (1 - (3 + -1)) + 2?
1
Evaluate -5 + 1 - (30 + -35) - 6.
-5
Evaluate 4 + (-2 - (5 - (0 + 2))).
-1
Calculate 6 + -2 + 7 + -9 - 1.
1
-11 + (7 - -9) + -1 + 0
4
What is the value of -3 + 8 + -2 + (-1 - -2)?
4
-1 - 1 - (-21 + 19)
0
Evaluate -7 - (4 + -4) - -6.
-1
1 - 7 - (-5 - (8 + 0))
7
(1 - (-2 - 1)) + -1 + 1
4
Calculate 1 + 4 + -4 + (-3 - -2).
0
-46 - -34 - (2 - 12)
-2
Calculate ((-4 - -7) + 2 - 3) + -3.
-1
What is -4 - (-2 - 4 - -3)?
-1
1 - (0 + 0) - (-77 - -70)
8
Evaluate -5 + (-3 - -3) + 2 + -1.
-4
What is the value of 3 + (-12 - -7) - -8?
6
What is 1 + (-2 - (7 - 5 - -1))?
-4
(-1 - -1) + (0 - -2) - 2
0
Evaluate (-1 - (3 + -1)) + (-3 - -4).
-2
Calculate -12 + 7 + -14 - -6 - -4.
-9
What is 169 + -167 - (2 - (-1 - -7))?
6
(-11 - (-7 + (0 - -3))) + 2
-5
What is the value of 19 + -9 + (3 + -1 - 5)?
7
What is the value of 6 + -10 + -2 + 0?
-6
What is 24 + -12 + 0 + (-1 - 3)?
8
What is -5 + (6 - 12) - -10?
-1
What is 13 + -16 + 0 + 10?
7
Evaluate 5 - 3 - (4 + 12 - 12).
-2
Calculate -10 + 3 - (0 + (-16 - 0)).
9
Evaluate -6 - (0 - 7) - 1.
0
What is the value of -60 - -60 - (1 - (0 - 0))?
-1
Evaluate 4 + -1 - (-6 - -13).
-4
Evaluate 0 - ((-2 - (-3 + 1)) + 3).
-3
Calculate 0 - -8 - (50 - 22 - 25).
5
Calculate 2 + 1 - (26 - 26).
3
Evaluate (1 - 4) + (1 - 0).
-2
Calculate (0 - -1) + (-2 - -4) - 0.
3
What is the value of -1 + 12 + 11 + (9 - 26)?
5
What is -2 + 1 + 5 + -1?
3
Evaluate -6 - (-6 + 4 - 0).
-4
0 - (-7 + (8 - 6) + 3)
2
What is the value of 3 + (2 - -1) + -3 + 1?
4
Evaluate 2 - 2 - (-2 - (-3 + 6)).
5
What is 17 + -3 - (25 + -13)?
2
3 + -2 - (24 - 16)
-7
Calculate -4 - (6 - (1 + 10)).
1
0 - (11 - 2) - -9
0
Calculate (-2 - (0 + -4)) + 9 + -12.
-1
5 + 6 + -13 + (7 - 3)
2
3 - (-1 + 3 + -3)
4
Evaluate -